{"id":45,"date":"2016-12-08T10:15:56","date_gmt":"2016-12-08T09:15:56","guid":{"rendered":"http:\/\/blueline-data.com\/?page_id=45"},"modified":"2020-12-11T11:31:13","modified_gmt":"2020-12-11T10:31:13","slug":"notre-savoir-faire","status":"publish","type":"page","link":"https:\/\/blueline-data.com\/index.php\/notre-savoir-faire\/","title":{"rendered":"Offre"},"content":{"rendered":"<p style=\"text-align: justify;\"><span style=\"color: #0000ff;\">BlueLine<\/span> <span style=\"color: #ff6600;\">Data<\/span>\u00a0est n\u00e9e de l&#8217;aboutissement de plus de 10 ans d&#8217;exp\u00e9rience dans le conseil en Data Intelligence dans diff\u00e9rents secteurs d&#8217;activit\u00e9s ( BtoB, BtoC, Energie, Distribution, Presse, etc etc ) et s&#8217;appuie sur un socle technique pour r\u00e9pondre \u00e0 diff\u00e9rentes probl\u00e9matiques.<\/p>\n<p style=\"text-align: justify;\">Par sa polyvalence, ses comp\u00e9tences m\u00e9tier et sa capacit\u00e9 \u00e0 allier savoir faire technique\u00a0et compr\u00e9hension de vos enjeux, <span style=\"color: #0000ff;\">BlueLine<\/span> <span style=\"color: #ff6600;\">Data<\/span> vous accompagne dans la r\u00e9ussite de vos projets Data.<\/p>\n<p style=\"text-align: justify;\"><img loading=\"lazy\" class=\"aligncenter wp-image-16 size-full\" src=\"http:\/\/blueline-data.com\/wp-content\/uploads\/2016\/12\/savoirfaire_bluelinedata.png\" alt=\"savoirfaire_bluelinedata\" width=\"942\" height=\"531\" srcset=\"https:\/\/blueline-data.com\/wp-content\/uploads\/2016\/12\/savoirfaire_bluelinedata.png 942w, https:\/\/blueline-data.com\/wp-content\/uploads\/2016\/12\/savoirfaire_bluelinedata-300x169.png 300w, https:\/\/blueline-data.com\/wp-content\/uploads\/2016\/12\/savoirfaire_bluelinedata-768x433.png 768w\" sizes=\"(max-width: 942px) 100vw, 942px\" \/><\/p>\n","protected":false},"excerpt":{"rendered":"<p>BlueLine Data\u00a0est n\u00e9e de l&#8217;aboutissement de plus de 10 ans d&#8217;exp\u00e9rience dans le conseil en Data Intelligence dans diff\u00e9rents secteurs d&#8217;activit\u00e9s ( BtoB, BtoC, Energie, Distribution, Presse, etc etc ) et s&#8217;appuie sur un socle technique pour r\u00e9pondre \u00e0 diff\u00e9rentes probl\u00e9matiques. Par sa polyvalence, ses comp\u00e9tences m\u00e9tier et sa capacit\u00e9 \u00e0 allier savoir faire technique\u00a0et &hellip; <\/p>\n<p class=\"link-more\"><a href=\"https:\/\/blueline-data.com\/index.php\/notre-savoir-faire\/\" class=\"more-link\">Read More<span class=\"screen-reader-text\"> &#8220;Offre&#8221;<\/span><\/a><\/p>\n","protected":false},"author":1,"featured_media":0,"parent":0,"menu_order":0,"comment_status":"closed","ping_status":"closed","template":"","meta":[],"_links":{"self":[{"href":"https:\/\/blueline-data.com\/index.php\/wp-json\/wp\/v2\/pages\/45"}],"collection":[{"href":"https:\/\/blueline-data.com\/index.php\/wp-json\/wp\/v2\/pages"}],"about":[{"href":"https:\/\/blueline-data.com\/index.php\/wp-json\/wp\/v2\/types\/page"}],"author":[{"embeddable":true,"href":"https:\/\/blueline-data.com\/index.php\/wp-json\/wp\/v2\/users\/1"}],"replies":[{"embeddable":true,"href":"https:\/\/blueline-data.com\/index.php\/wp-json\/wp\/v2\/comments?post=45"}],"version-history":[{"count":11,"href":"https:\/\/blueline-data.com\/index.php\/wp-json\/wp\/v2\/pages\/45\/revisions"}],"predecessor-version":[{"id":190,"href":"https:\/\/blueline-data.com\/index.php\/wp-json\/wp\/v2\/pages\/45\/revisions\/190"}],"wp:attachment":[{"href":"https:\/\/blueline-data.com\/index.php\/wp-json\/wp\/v2\/media?parent=45"}],"curies":[{"name":"wp","href":"https:\/\/api.w.org\/{rel}","templated":true}]}}